 factor of 4197 and 526752879?
4197
Calculate the greatest common factor of 240347 and 25.
1
What is the highest common divisor of 19 and 792578939?
19
What is the greatest common divisor of 3792 and 360236208?
3792
What is the highest common factor of 249 and 5360721?
249
Calculate the highest common factor of 184811 and 123013.
583
Calculate the greatest common divisor of 3720 and 4491156.
372
What is the greatest common divisor of 48304 and 9808?
16
What is the highest common divisor of 4396276 and 2076?
692
Calculate the greatest common divisor of 77906274 and 1224.
102
What is the greatest common factor of 224 and 71909768?
56
What is the greatest common factor of 24 and 15053232?
24
What is the greatest common divisor of 21970476 and 36?
36
Calculate the greatest common factor of 17031306 and 2696.
674
What is the highest common divisor of 745529571 and 372?
93
What is the greatest common factor of 96855 and 176955?
15
What is the highest common factor of 52156 and 393471?
767
What is the greatest common divisor of 83545 and 21217?
49
What is the greatest common factor of 423 and 166401902?
47
Calculate the highest common divisor of 4384 and 2332000.
32
What is the greatest common factor of 6225 and 46415675?
2075
What is the greatest common divisor of 2772 and 23393601?
693
What is the greatest common factor of 4051588 and 184?
92
Calculate the greatest common divisor of 63210 and 261905.
245
Calculate the greatest common divisor of 18990 and 25714570.
2110
Calculate the highest common factor of 2704894 and 14.
2
What is the highest common divisor of 52163386 and 268?
134
Calculate the greatest common factor of 87 and 44050797.
87
Calculate the greatest common factor of 2390 and 143887560.
2390
Calculate the highest common factor of 18 and 82072.
2
Calculate the highest common divisor of 243885 and 345.
15
Calculate the greatest common divisor of 32577651 and 2.
1
What is the greatest common divisor of 1026 and 11926566?
342
What is the greatest common factor of 75 and 177027925?
25
Calculate the greatest common factor of 1400580 and 234.
18
What is the greatest common divisor of 647827557 and 78?
39
What is the greatest common divisor of 3849445 and 485?
485
Calculate the greatest common divisor of 4958123 and 91075.
3643
What is the highest common divisor of 10664 and 209324?
172
What is the greatest common factor of 52000 and 7840508?
52
What is the highest common factor of 12264272 and 8?
8
Calculate the greatest common factor of 167249901 and 84.
21
What is the highest common divisor of 211755025 and 50?
25
Calculate the highest common divisor of 5274 and 12809374.
586
What is the highest common factor of 72691488 and 1632?
96
Calculate the greatest common factor of 479882 and 169481.
13
What is the highest common divisor of 15795 and 1208883?
39
Calculate the highest common factor of 55615707 and 8176.
511
What is the highest common factor of 35388 and 216076179?
2949
What is the greatest common factor of 138781 and 99325?
137
Calculate the highest common factor of 40685056 and 810592.
11104
Calculate the greatest common divisor of 198 and 12745854.
198
Calculate the greatest common divisor of 9869481 and 18.
9
Calculate the greatest common factor of 43 and 1081624795.
43
Calculate the greatest common divisor of 15618 and 2210358.
822
Calculate the highest common divisor of 312669909 and 1539.
513
What is the greatest common divisor of 10711236 and 1944?
12
What is the greatest common divisor of 7796230 and 70?
10
What is the highest common factor of 6476 and 58028?
4
What is the highest common factor of 11675 and 667343?
467
What is the highest common factor of 466757 and 6533?
47
Calculate the highest common factor of 978960 and 2010.
30
Calculate the greatest common divisor of 27338740 and 440.
220
What is the greatest common factor of 7 and 154650461?
7
Calculate the highest common divisor of 72 and 538286076.
36
Calculate the highest common divisor of 7745 and 54695.
5
Calculate the greatest common divisor of 3593707 and 1313.
13
What is the highest common factor of 201 and 64332663?
201
What is the greatest common divisor of 1465 and 996916385?
1465
Calculate the greatest common factor of 636909100 and 2300.
2300
What is the greatest common divisor of 5876 and 13548?
4
Calculate the greatest common factor of 414416 and 18526.
118
Calculate the greatest common divisor of 1178849 and 2324.
581
Calculate the highest common factor of 1426 and 642599.
31
Calculate the greatest common factor of 115 and 7390061.
23
What is the greatest common divisor of 416 and 565984?
32
Calculate the greatest common factor of 4118049 and 351.
117
Calculate the greatest common factor of 4 and 142952492.
4
Calculate the greatest common factor of 194 and 24607057.
97
Calculate the highest common factor of 205387718 and 514.
514
What is the greatest common factor of 22705 and 26390380?
1195
Calculate the highest common divisor of 100528882 and 254.
254
What is the greatest common factor of 3271875 and 1725?
75
What is the highest common divisor of 28224 and 519744?
192
What is the greatest common factor of 11655 and 267547?
259
What is the highest common factor of 14840862 and 114?
114
What is the greatest common divisor of 4983814 and 5434?
418
Calculate the highest common factor of 9728189 and 1418.
709
What is the greatest common factor of 3951354 and 12733743?
14421
What is the highest common factor of 5736239 and 5497?
239
What is the greatest common divisor of 136 and 1145519398?
34
What is the highest common divisor of 17244773 and 455?
91
What is the greatest common factor of 69628 and 648622?
338
What is the greatest common factor of 280 and 141106140?
140
What is the highest common factor of 568 and 4783554?
142
Calculate the greatest common factor of 6251432 and 352.
88
Calculate the greatest common factor of 3178818 and 30186.
2322
Calculate the greatest common factor of 226 and 9440924.
226
Calculate the greatest common factor of 884121000 and 168.
168
What is the greatest common divisor of 4387 and 284406?
107
What is the highest common factor of 70043617 and 581?
581
What is the highest common divisor of 1338 and 904660602?
1338
Calculate the greatest common factor of 1328731120 and 30840.
10280
What is the greatest common factor of 176989620 and 3936?
492
Calculate the greatest common factor of 134699392 and 9632.
1376
Calculate the greatest common factor of 6966 and 114970347.
3483
Calculate the highest common divisor of 5017368 and 1824.
456
Calculate the greatest common divisor of 714 and 19397.
119
Calculate the greatest common factor of 23612875 and 52000.
1625
What is the highest common divisor of 166051 and 5903643?
3533
Calculate the highest common factor of 2947956 and 21076.
44
What is the highest common factor of 248704 and 116232?
232
What is the greatest common divisor of 7108400 and 8775?
325
Calculate the greatest common divisor of 16857615 and 30.
15
What is the highest common divisor of 272939 and 12797?
191
Calculate the highest common factor of 34 and 27321329.
17
What is the greatest common divisor of 7303625 and 375?
125
Calculate the greatest common factor of 5120 and 1232752.
16
What is the highest common divisor of 802224 and 1416?
24
Calculate the greatest common divisor of 453285 and 7623.
63
What is the greatest common divisor of 240 and 291528320?
80
Calculate the highest common divisor of 6499127 and 41747.
383
What is the highest common factor of 5989181 and 2?
1
What is the highest common divisor of 683995 and 145860?
1105
Calculate the greatest common factor of 15 and 724728.
3
What is the highest common divisor of 12990 and 6406710?
30
What is the highest common factor of 23642830 and 5800?
290
Calculate the greatest common divisor of 16 and 2546469136.
16
Calculate the highest common divisor of 1718794 and 220.
22
Calculate the greatest common factor of 1760 and 5660.
20
Calculate the greatest common factor of 3180 and 85639308.
636
What is the greatest common factor of 77800 and 7495?
5
What is the highest common factor of 9350533 and 420544?
6571
Calculate the highest common divisor of 1997 and 303220486.
1997
What is the highest common divisor of 110 and 1457410?
10
Calculate the greatest comm